 is the value of (-22 - 66) + (1 - 13 - (-18 - -5))?
-87
Evaluate (-4 - (49 - -8)) + (29 - 35 - -3).
-64
253 + 30 + -263 + (-12 - 0)
8
(-7 - -6) + 2 + -2 + (42 + 5 - 70)
-24
What is the value of -61 + (34 + 62 + -29 - 28)?
-22
What is the value of -15 - (-14 - -4) - ((0 - 7 - -1) + -4)?
5
-41 - (2021 + -1954 - (43 - 0))
-65
Evaluate -4 + (-2 - -3 - (55 + -20 + -31)) + 107.
100
What is the value of -100 + (-42 - (-54 - 80))?
-8
What is 44 + -47 + -43 + 34?
-12
What is 8 - 4 - ((-147 - -59) + (1 - 10))?
101
1 - -4 - (-17 - 14 - -58)
-22
20 + (2 - 7) + -112 + (1 - 5) + 4
-97
-5 + 0 + (115 - 7 - (16 + -35 + 4))
118
Evaluate 367 - 364 - (20 + -16 + -2 + -117).
118
32 - (-1 + -35 + 31 + -36)
73
What is -38 + (3 - -14) + 3 + -12?
-30
(-46 - 63) + 97 + (4 - (2 + 0))
-10
What is 24 + 13 + 9 + 3 - (-1 + 7)?
43
What is (10 - (1 - -9 - (-495 - -494))) + 42?
41
What is -15 - (-27 - (0 - -59) - 5)?
76
What is 29 - ((15 - 6) + (29 - 42))?
33
Evaluate 6 - (4 + 12 - 16) - ((0 - -69) + 2).
-65
Evaluate (4 - 25) + (3 - -12) + 5.
-1
Evaluate 18 - -1 - (6196 + -6146).
-31
What is the value of -14 + (38 - -10) + -135?
-101
Calculate -1 - (6 + (19 + -9 - 19) - 1).
3
What is -78 - -2 - (-61 + (17 - -26))?
-58
What is 80 + 81 - 113 - -12?
60
Calculate -9 + 0 - (73 + (1 - -4) - (-3 - -19)).
-71
What is the value of 51 - (-3 + -1 - -27)?
28
-43 - (-10 + (-26 + -2 - -10))
-15
What is the value of 144 - (-105 - -192) - (-1 + -14)?
72
(-1 - 7) + (113 - 124) + -30 + 17 - 4
-36
Calculate (-1170 - -1188) + -1 + -3.
14
What is 204 - 156 - (-16 - (4 + 21))?
89
What is the value of (79 + -9 + 42 - (0 + 6)) + 36 + -33?
109
-78 - (46 + -150 - -37)
-11
What is the value of -511 + 473 + -2 + 62?
22
What is 81 - (1 - (32 + -49))?
63
Calculate 108 - (-513 + 533 + (2 - 6) + -2).
94
-51 + (81 - 37) - -18
11
Evaluate (-16 + 20 - (-18 - 3)) + 10.
35
Evaluate (-1 - -16) + -42 + (11 - -46).
30
0 + (-10 + -1 + 0 - 3) + -27
-41
Calculate -6 + (74 - (13 + -9 + 11 + -5)).
58
What is -36 + -19 + 596 + -484?
57
What is 114 + -29 + 229 + -320 + (0 - -1) + 0?
-5
What is the value of -8 - (89 - 1) - (-12 - (1 - -7))?
-76
What is (19 + (-106 - -26) - -31) + -17?
-47
Evaluate (-27 - 1) + (2 - ((-39 - -30) + 10)).
-27
What is the value of 4 + 5 - (49 + -11 + -16)?
-13
1984 + -1994 - (1 + -46)
35
Evaluate 9 + 24 - -17 - (536 - 424).
-62
Evaluate 22 + -84 + (-1 + -5 - (-53 + 43)) + 5.
-53
Evaluate (1 + 40 - (30 - 33)) + (53 - 46).
51
Calculate -87 + (-28 - -1 - (157 - 168) - (-7 + -2)).
-94
What is (-16 + 22 - -1 - 4) + (39 - 6)?
36
What is the value of -7 - -21 - 44 - (59 - 22)?
-67
What is the value of 20 + 0 - (359 - 336) - -40?
37
What is 44 + (49 - 59) - (-1 - 0)?
35
What is (-12 + (32 - 13 - 11) - -15) + 4?
15
Evaluate -10 + -9 + 4 + 7 - ((-4 - -13) + 45).
-62
What is the value of -24 + 1 - (-2 - (14 + -7 + (-1 - 19)))?
-34
Evaluate (-8 - (-63 + 8 - -6)) + -6 - (-7 + 2).
40
What is the value of 14 + (-26 - (-19 + 132 + -37))?
-88
What is the value of 7 - 10 - (-6 + 1 - (63 - 56))?
9
What is 768 - 769 - (-57 - 5)?
61
What is -42 + 1 + (-1836 - -1893)?
16
-52 + (48 + 37 - 4)
29
Evaluate 53 + 16 + -24 - 180.
-135
What is -4730 + 4727 + (6 + 2 - 1) + (107 - -2)?
113
What is -25 + 59 - -89 - 233?
-110
What is the value of -7 + 26 + -38 + 1 + 16 - (-35 + 0)?
33
-37 + 24 + (-177 - -121)
-69
Evaluate 3 - -15 - (-19 - (-14 + (23 - 27))).
19
What is -39 - (-78 - (19 + -98))?
-40
What is 12 - (1 - (-16 + 26 - (10 + -11)))?
22
-20 - -8 - (-25 + -6) - (-89 + 4)
104
Evaluate (-29 - (12 + 64)) + (5 + -31 - -11).
-120
Evaluate 46 + -48 + (9 - -29).
36
(-34 - -66) + -31 - ((-4 - -4) + 5 + 0)
-4
What is (8 + -16 - (-5 - 0) - 9) + 1 + 46?
35
Evaluate 513 + -555 - (12 + 17).
-71
Calculate 33 + -25 + (-27 - -95).
76
Evaluate 217 + -224 + 0 + -11.
-18
What is 29 + -9 + (-32 - -21) - -77?
86
What is the value of 25 - (-36 + 33 + -32 + -40)?
100
Evaluate 35 + -20 + (-3 + 0 + 5 - (8 - 4)).
13
Evaluate -1 + (2 - -1) + 3 + -76 + 123.
52
What is the value of -10 + (-36 - 44) + 56?
-34
Calculate (-39 - -6) + (-66 - -58) + 19.
-22
What is (-23 - 28 - -80) + -31?
-2
Evaluate (-16 - (-7 + (2 - 8 - 0)) - 6) + 119.
110
What is -728 + 791 - (1 + 6)?
56
Calculate -1 + 8 + 162 + -176 + (103 - 5).
91
What is the value of (-5694 - -5685) + (1 - (-1 - 24))?
17
Evaluate 11 + (17 + (-25 - 18) - -12) + -5.
-8
25 + (17 - (-24 - -46) - 7 - 100)
-87
What is 44 - (111 + -60) - 25?
-32
Evaluate 468 + -408 - (3 + -11).
68
(-100 - (-2 + 2)) + (41 - -2 - 51)
-108
Calculate 11 + 3 + (2 - 22) + 61.
55
Evaluate -69 + (174 - 94) - (-1 + 1 + -43).
54
Calculate 8 - ((0 - -4 - -4) + 26 + -48).
22
-3 - (-7 + -14 - (16 - 68))
-34
Evaluate 25 + -16 - (-12 + 11) - ((26 - 5) + -6).
-5
Evaluate (-1 - -38) + (200 - 255).
-18
Evaluate 108 - (-64 + 247 + -134).
59
(94 - (83 + 14)) + (-2 + -2 - -20)
13
Calculate -34 - 65 - (-133 - -72).
-38
(220 - (131 - 45)) + -61
73
Calculate (9 - 53) + -38 + 46.
-36
What is the value of (-51 - (-11 + -21)) + 49 - 22?
8
What is the value of 1 - -29 - (-47 + -44 + 82)?
39
What is -2 + 38 + 1318 + -1262?
92
What is 42 - (((-7 - -13) + -15 - -2) + 0 + 12)?
37
-20 + 52 - (-9 + 15 + -19)
45
-59 - 3 - (-12 - (5 + 5))
-40
What is the value of (8 - -45 - -2) + -18?
37
What is the value of 10 + 12 + -26 + -35 - (-5 - 4)?
-30
Calculate (2 - 4) + 1 - (2 + -80 + (209 - 198)).
66
What is the value of -128 + (50 - -80) + (1 - (1 - (1 - -5)))?
8
Evaluate 21 + 44 + -45 - -19.
39
Evaluate (3 - 2 - -32) + 718 + -787.
-36
What is -40 - (84 + -27 - 112)?
15
Calculate -174 + (281 - 96) - (1 + -27).
37
What is the value of 144 + (83 - 65 - 68)?
94
Calculate -5 - (1 + 12 - (-1 + 50 - -5)).
36
Evaluate 2 + -9 + (42 - (-28 - -73)).
-10
What is (-21 - (-24 + 14)) + (14 - 3) + 50?
50
58 + (-1 - (11 - (-14 + 42))) + -12
62
What is the value of 11 + ((-10 + -3 - -19) + -10 - -6)?
13
Evaluate 18 - 19 - (7 + -1 + -11) - -54.
58
Calculate 2 - (-19 + (-10 - -14) + 35).
-18
What is 130 - (88 - 11) - -54?
107
(-4767 - -4752) + (1 - (-1 - -32))
-45
Evaluate 34 - (5 + (-1 - 4)) - (191 + -184).
27
(69 + -16 - 28 - (7 - 5)) + 7
30
Evaluate -80 + 1 - (-194 + 119 - -55).
-59
-1 + 4 + -2 + 2 + 0 + -174 + 14
-157
What is 18 - (103 + -16 + -27)?
-42
What is the value of 670 + -734 - (-40 + -1)?
-23
What is -135 + 29 + -27 + 31?
-102
What is the value of -2 + (-11 - (13 - (-4 + 22))) + 21?
13
What is the value of 94 + -65 + (247 - 145)?
131
What is 8 + -26 - (18 - (34 - 9))?
-11
Calculate -112 + (-14 - 21) + 128.
-19
(-14 - 2) + (-1298 - -1328) + 1 + -42
-27
Calculate 119 + -81 + -68 + -5 + -22.
-57
Evaluate (-9 - -4) + 12 + -47 + 35 - -101.
96
Calculate -1 - 8 - (64 + -122 - -40).
9
What is 254 + -203 + (-29 - -1)?
23
Evaluate -16 - -10 - 22 - -20 - -54 - (1 - 2).
47
(-2 - -81) + -2698 + 2708
89
Evaluate -7 + 9 - ((-9 - (-4 + 4) - 0) + 6).
5
What is (18 - (478 + -491 + 86 + -1)) + -6?
-60
Calculate 40 + -62 + 39 - 36 - (-13 - 0).
-6
What is the value of 10 + (23 - 20 - (-1 + 9)) + 33?
38
What is -6 - (-2066 - -2035 - (2 + 0 + -5 + 0))?
22
What is (2205 - 2227) + 2 + 2 + -3?
-21
10 - (9 - ((-22 - -26) + 63))
68
What is the value of (-15 - 22 - -30) + 3 + -7 + 70 + -3?
56
Evaluate (2 - 32) + -2 + 691 + -672.
-13
Evaluate (-1 - -8) + 57 + 17 + -91.
-10
Calculate -3 - ((55 - 55) + 66).
-69
-8 + (296 - 234) + -4 + 3 + -2
51
11 - ((-16 - (-2 + 2)) + 47 + (27 - 64))
17
Calculate 7 + (22 - 5) + -29 + -102 - -12.
-95
Calculate 32 + (0 - 23) + -4.
5
Evaluate -98 - (-40 - (-18 - -91)).
15
(-2 - (58 - 29)) + 54
23
Evaluate -1 - (3 - -43 - (12 + -13 + 7)).
-41
What is the value of (6 - (1 - -33) - -21) + -37?
-44
Evaluate -48 + 102 + -3 - 51.
0
What is the value of (28 - 46 - (-1 + -5) - -3) + 7?
-2
What is the value of (-14 - -146) + -125 - ((0 - (-2 + 2)) + -7)?
14
6 + -8 + -5 + (13 - -1) + -80
-73
Evaluate 56 + (-3 - -5) + (15 - 31).
42
What is -5 + -1 + 8 + (85 - -3 - 11)?
79
What is the value of 3 + (-4 - (5 - (-6 + 1))) + (-132 - -145)?
2
What is the value of 312 + -312 - (-7 + -6 - 12)?
25
Evaluate -113 + 122 - (-15 - (-6 + 7)).
25
What is -2 + 2 + 8 - (-40 + (42 - -5)) - -64?
65
Evaluate (-12 - (22 + -40)) + -60.
-54
Calculate -96 - (79 + 7 - 142).
-40
(-3 - 0) + -115 + -19 + 114
-23
What is the value of (73 - 69) + -30 + -1 + 2 + 9?
-16
Evaluate (-1 - 22) + (-17 - (-6 - 2